{"id":18,"date":"2014-02-06T19:41:55","date_gmt":"2014-02-06T18:41:55","guid":{"rendered":"http:\/\/s513525840.domenaklienta.pl\/wordpress\/?page_id=18"},"modified":"2023-08-03T18:13:57","modified_gmt":"2023-08-03T16:13:57","slug":"tlumaczenia","status":"publish","type":"page","link":"https:\/\/britannica.com.pl\/?page_id=18","title":{"rendered":"T\u0142umaczenia"},"content":{"rendered":"<p><span style=\"font-size: 14px; line-height: 1.5em;\">Oferujemy t\u0142umaczenia pisemne i konsekutywne z j\u0119zyka angielskiego i<\/span><span style=\"font-size: 14px;\"> niemieckiego<\/span><span style=\"font-size: 14px;\">. T\u0142umaczenia pisemne:<\/span><\/p>\n<ul>\n<li>strona obliczeniowa to 1800 znak\u00f3w ze spacjami;<\/li>\n<li>kr\u00f3tkie terminy realizacji;<\/li>\n<li>w przypadku klient\u00f3w indywidualnych, za wykonane t\u0142umaczenie obowi\u0105zuje przedp\u0142ata w wysoko\u015bci 10% warto\u015bci ca\u0142o\u015bci tekstu.<\/li>\n<\/ul>\n<p>Ceny ustalane s\u0105 indywidualnie w zale\u017cno\u015bci od d\u0142ugo\u015bci zlecenia, terminu realizacji i j\u0119zyka (potoczny, specjalistyczny, etc.). Prosimy o przes\u0142anie dokumentu do bezp\u0142atnej wyceny na adres e-mail: info@britannica.com.pl lub kontakt telefoniczny.<\/p>\n<p>Wycena t\u0142umacze\u0144 konsekutywnych &#8211; w zale\u017cno\u015bci od d\u0142ugo\u015bci i terminu spotkania, a tak\u017ce\u00a0specjalistycznych\u00a0termin\u00f3w j\u0119zykowych.<\/p>\n","protected":false},"excerpt":{"rendered":"<p>Oferujemy t\u0142umaczenia pisemne i konsekutywne z j\u0119zyka angielskiego i niemieckiego. T\u0142umaczenia pisemne: strona obliczeniowa to 1800 znak\u00f3w ze spacjami; kr\u00f3tkie terminy realizacji; w przypadku klient\u00f3w indywidualnych, za wykonane t\u0142umaczenie obowi\u0105zuje przedp\u0142ata w wysoko\u015bci 10% warto\u015bci ca\u0142o\u015bci tekstu. Ceny ustalane s\u0105 indywidualnie w zale\u017cno\u015bci od d\u0142ugo\u015bci zlecenia, terminu realizacji i j\u0119zyka (potoczny, specjalistyczny, etc.). Prosimy o [&hellip;]<\/p>\n","protected":false},"author":1,"featured_media":0,"parent":0,"menu_order":0,"comment_status":"open","ping_status":"open","template":"","meta":{"footnotes":""},"class_list":["post-18","page","type-page","status-publish","hentry"],"_links":{"self":[{"href":"https:\/\/britannica.com.pl\/index.php?rest_route=\/wp\/v2\/pages\/18","targetHints":{"allow":["GET"]}}],"collection":[{"href":"https:\/\/britannica.com.pl\/index.php?rest_route=\/wp\/v2\/pages"}],"about":[{"href":"https:\/\/britannica.com.pl\/index.php?rest_route=\/wp\/v2\/types\/page"}],"author":[{"embeddable":true,"href":"https:\/\/britannica.com.pl\/index.php?rest_route=\/wp\/v2\/users\/1"}],"replies":[{"embeddable":true,"href":"https:\/\/britannica.com.pl\/index.php?rest_route=%2Fwp%2Fv2%2Fcomments&post=18"}],"version-history":[{"count":5,"href":"https:\/\/britannica.com.pl\/index.php?rest_route=\/wp\/v2\/pages\/18\/revisions"}],"predecessor-version":[{"id":917,"href":"https:\/\/britannica.com.pl\/index.php?rest_route=\/wp\/v2\/pages\/18\/revisions\/917"}],"wp:attachment":[{"href":"https:\/\/britannica.com.pl\/index.php?rest_route=%2Fwp%2Fv2%2Fmedia&parent=18"}],"curies":[{"name":"wp","href":"https:\/\/api.w.org\/{rel}","templated":true}]}}